 = 2*g, -4*s + 1 = 4*g - 7. Let d be 546 + 7/s + 5. Calculate the highest common factor of d and 68.
68
Let p = 18 + -16. Suppose 9 = 3*g + 2*w, -3*g - p*g + 10 = 5*w. Suppose -k + 2*v - g*v + 44 = 0, -v = -2. Calculate the highest common divisor of 304 and k.
38
Let l = -10164 - -11846. What is the highest common factor of 754 and l?
58
Let a be 13/(-6) - (5/6 - 1). Let p be -6 - -1*(a + 52). What is the highest common factor of p and 11?
11
Let a(t) = 3*t**3 - 8*t**2 + 67*t - 370. Let q be a(6). What is the highest common factor of 4508 and q?
196
Suppose 2*z - 4*a + 10 = 34, 9 = -3*z - 3*a. Suppose 14*m = -z*w + 19*m + 118, 2*m = -4*w + 260. What is the highest common divisor of w and 24?
8
Suppose z - 16 = 5*z. Let g be (1/z)/(1/(-8))*3. Calculate the highest common factor of 21 and g.
3
Suppose 33*k = 23*k + 1790. Let i = 193 - k. Let t be 37/5 - 2/5. What is the greatest common factor of t and i?
7
Let c = -114373 + 114509. Let q = 11 + 23. Calculate the highest common factor of q and c.
34
Let a = 1811 - 1791. Let p(n) = 5*n + 10. Let f be p(10). What is the greatest common divisor of a and f?
20
Let o = 70 + -48. Suppose o*w - 2*i = 18*w + 1356, -1018 = -3*w + i. Calculate the highest common factor of 20 and w.
20
Let p = -91 + -107. Let s be 109/8 + p/(-528). What is the greatest common factor of s and 154?
14
Let v = -10419 - -10500. Calculate the greatest common divisor of 1 and v.
1
Suppose 0 = -4*j + 5*r - 441, -2*j - 6*r - 220 = -8*r. Let o = 133 + j. What is the greatest common factor of 192 and o?
24
Suppose 36 = -10*x + 26*x - 12*x. Calculate the greatest common factor of 7443 and x.
9
Let v(k) = -k**3 - 19*k**2 - 9*k - 10. Let s be v(-19). What is the greatest common factor of s and 115?
23
Let g be 13/13 + 3*1. Suppose 3*m + 16*p = 19*p + 141, 0 = g*m + 4*p - 196. Let f be 1*-1 + (-39)/(-3). What is the greatest common divisor of f and m?
12
Suppose 5*p = 7*l - 6*l + 1098, 0 = -2*p - l + 435. Let n = p - 153. Calculate the highest common factor of n and 121.
11
Let v = -33 - -52. Suppose 56*m = 49*m + 7. What is the highest common divisor of m and v?
1
Suppose 5*q + 3*n - 548 + 212 = 0, n = 2*q - 130. Calculate the highest common divisor of q and 114.
6
Let q = -13 - -12. Let f = q - -3. Let u = 231 - 229. What is the greatest common divisor of f and u?
2
Let y(u) = -u**2 + 10*u - 14. Let v be y(6). Let s be ((-30)/(-4) + -5)*16. What is the greatest common factor of v and s?
10
Suppose 2*q + 66 = 3*z - 24, 0 = 2*q + 6. Let y = 328 - 323. Suppose -25 = -y*n + 5*o, 7*n + 3*o - 5 = 5*n. What is the greatest common divisor of z and n?
4
Let v(s) = -s**2 - 38*s + 30. Let p be v(-40). Let h = -40 - p. What is the greatest common divisor of h and 130?
10
Let i(a) = a**2 + a - 2. Let s be i(2). Suppose l + 93 = s*l. What is the highest common factor of 279 and l?
31
Let c(r) = -r**3 + 6*r**2 + 15*r - 22. Let f be c(-6). Let w be 448/24 - (-1 + 1/(-3)). Calculate the greatest common factor of w and f.
20
Let g = 23 - 16. Let c(n) = n**3 - 6*n**2 - 6*n + 17. Let i be c(g). Let v(t) = t**2 - t - 66. Let b be v(-8). What is the highest common divisor of b and i?
6
Suppose 250*l - 4712 = 231*l. Calculate the greatest common divisor of 4340 and l.
124
Let k be (-159052)/(-238) - (-5)/7. What is the highest common divisor of k and 12?
3
Let l be (-1)/(-9) - 30914/234. Let a = l + 402. Let o = a + -171. Calculate the highest common divisor of 9 and o.
9
Suppose -91*g = -403*g + 936. What is the highest common divisor of 7 and g?
1
Let j(z) = 2*z**2 + 4*z**3 + 2*z + 2*z**3 - 8*z**3 + 4. Let u be j(-3). Let o = 118 - u. Calculate the greatest common divisor of o and 384.
48
Let f(r) = r**3 + 37*r**2 + 37*r + 47. Let i be f(-36). Calculate the highest common factor of i and 5764.
11
Suppose 36*p - 2352 = -48*p. Calculate the highest common divisor of p and 5348.
28
Let m be 221/(-17) + (1 - 31)/(-5) + 193. Calculate the highest common divisor of 38 and m.
2
Suppose -x - 283 = -l + 566, -l - 5*x + 843 = 0. Calculate the greatest common divisor of 265 and l.
53
Let c = 87 - 85. Suppose 6*d - c*d - 48 = 0. Calculate the greatest common factor of d and 324.
12
Suppose 0 = 8*s - 10*s. Suppose 5*y + 4*t + 0*t - 284 = s, 220 = 4*y - 4*t. Suppose -y = -7*x + 3*x. What is the greatest common divisor of x and 7?
7
Let n(f) = f**3 - 81*f**2 + 6*f - 404. Let r be n(81). Calculate the greatest common factor of r and 656.
82
Suppose 238 = 4*v + u, 0 = v - 0*v + 4*u - 52. Let c be (64/28)/(-4) + 118979/1127. What is the greatest common divisor of c and v?
15
Let i(r) = r**3 + 12*r**2 - 23*r - 17. Let t be i(-12). Suppose 0 = -3*v + 4*u - 31 + t, v - 76 = u. What is the highest common divisor of v and 19?
19
Let x be 149 + 3 - (67 - 74). Calculate the greatest common divisor of 371 and x.
53
Suppose 151*c + 546 = 152*c. Let r be 87402/c + (-1)/13. Calculate the highest common factor of 16 and r.
16
Suppose 160*g = -62*g + 5328. What is the highest common divisor of g and 2760?
24
Let t = 16 + -27. Let b = 16 - t. Suppose 0 = -10*i + 35*i - 225. Calculate the greatest common divisor of b and i.
9
Let o = 160 - 206. Let x = o - -76. Let p be 0 - (438/(-3) - 4). What is the highest common factor of p and x?
30
Let n = 351 + -103. Suppose 931*y - 1477 = 1099*y - 6685. What is the greatest common factor of y and n?
31
Let v be (21 + 3)/((-5)/120). Let r = v - -596. Calculate the highest common factor of r and 480.
20
Suppose 21*s - 8761 = 17951. Calculate the highest common divisor of s and 480.
24
Let x be (-3)/12 + (-53)/(-4). Suppose 0 = -j + x - 12. Suppose -15 = -k - j. What is the greatest common factor of 112 and k?
14
Let m(t) = 7*t**2 - 2*t. Let o = -102 - -144. Let k = o + -40. Let q be m(k). What is the greatest common factor of q and 16?
8
Let i(o) be the first derivative of 3*o**4/4 + 19*o**3/3 + 5*o**2/2 - o - 248. Let a be i(-6). Calculate the greatest common factor of a and 415.
5
Suppose j - 82 = -2*p - j, p - 3*j - 33 = 0. Suppose -5*d + 3311 = -3*i + 3355, -4*i - 5*d - 23 = 0. What is the greatest common divisor of i and p?
3
Let p(f) = -f**2 + 7*f + 59. Let s be p(-5). Let q be 68/(-34) + 6 + s. What is the highest common divisor of 21 and q?
3
Suppose 93*h - 298 = -2*w + 96*h, 2*w - h - 290 = 0. What is the greatest common factor of 473 and w?
11
Let m(p) = 3*p**3 - 14*p**2 + 3*p - 10. Let n be m(-4). Let d = n - -460. Suppose u - 5*u + 44 = 0. Calculate the greatest common factor of d and u.
11
Let c = -78 - -73. Let m be (c/5)/((-1)/20). Calculate the greatest common divisor of m and 180.
20
Let o(b) = b**3 + 6*b**2 + 9*b + 35. Let m be o(-7). Let i = 97 + m. Let d(y) = 30*y. Let g be d(2). What is the highest common factor of i and g?
20
Suppose 1774*d = 1674*d + 2800. Let o be (-2)/(((-8)/6)/2). Suppose 303 = o*r + 93. What is the greatest common factor of r and d?
14
Let k(f) = 524*f**2 - 8*f + 13. Let n be k(2). Suppose 13*h + 10*h = n. Calculate the highest common factor of h and 7.
7
Let g = 434 - -4876. Calculate the highest common factor of 990 and g.
90
Let t be (1 - ((-3 - -5) + -4)) + (-39 - -55). Calculate the greatest common factor of 12407 and t.
19
Suppose -123*q + 55586 - 24477 = -42691. What is the greatest common factor of 225 and q?
75
Let n = 1999 - 1669. Let o(h) = -6*h. Let w be o(-5). What is the greatest common divisor of w and n?
30
Let d be (58/(-6) - -1)*-3. Let l be (-1)/2*-2*5. Suppose 0*a + 4*w - 313 = -l*a, -a - 3*w + 56 = 0. Calculate the greatest common factor of a and d.
13
Let f be 7/(28/(-3))*-28. Suppose 0*m + 4*z = -3*m + 575, 5*z = -4*m + 766. Let r = 210 - m. Calculate the greatest common factor of f and r.
21
Let k = 140 + 37. Suppose -5*s + 837 = 2*t, 0 = 6*s - 7*s + 2*t + k. Let x be 13 + (0 - (-1 - -1)). Calculate the highest common factor of s and x.
13
Let w = 461 - 458. Let n(i) = 4*i - 8. Let v be n(w). Calculate the greatest common divisor of v and 2.
2
Suppose -5*s + c = -4561, 124*c + 4 = 120*c. Calculate the greatest common factor of 48 and s.
48
Suppose 0 = 2*j - 1 - 33. Let r be (-3)/(-6) - ((-415)/2)/5. Suppose 5*t + 5*y = 150, -t + r = 2*y + 16. What is the highest common divisor of t and j?
17
Let v = -12893 + 13072. Calculate the highest common divisor of v and 7160.
179
Suppose